. Determine x(u).
-1
Suppose -4*d - 5 = -13. Let j(l) = 76 - 67 - 4*l + 6*l**2 + 4*l**2 - l**3 - 3*l**d. Determine j(7).
-19
Let s(a) be the second derivative of 2/3*a**4 + 3/2*a**3 + 0 - 5/2*a**2 + 74*a - 1/20*a**5. Calculate s(9).
-5
Let y(d) be the first derivative of d**3/3 - 11*d**2/2 + 18*d - 2191. Determine y(9).
0
Let v be (-429)/(-165) - ((-16)/(-10) - 2). Let n(a) = -17 + v + 12 + 3 + 11*a + a. Calculate n(-4).
-47
Let w(f) = -3*f - 14. Let c be w(-6). Suppose -3*b - 10 = 5*s - 31, -2*s + c = -b. Let j(a) = -5*a + 4*a - 2*a + b + a**3. What is j(3)?
20
Suppose 4*s - 10 = -2*y, 0 = -2*s + 3 - 7. Let l be 1*8/(-2) - (-1360)/10. Let o(v) = -132 + l + y*v + 0*v. Calculate o(-1).
-9
Let h(f) = -22*f**3 + 17*f**2 + 9*f - 30. Let a(v) = -3*v**3 - v - 1. Let z(p) = 7*a(p) - h(p). What is z(18)?
59
Let d(n) = 2*n + 53. Suppose -4*m + 31 = 3*t, 31*t + 4*m = 36*t - 41. Calculate d(t).
71
Let w(s) = -11*s**3 + 2 - 5*s + 6*s**3 - 24 + 7*s**3 + 10 + 5*s**2. Determine w(-4).
-40
Let u(p) = 5*p + 17. Suppose 33082 - 33146 = 16*s. Give u(s).
-3
Let a(x) = -17*x - 4. Let o(r) = 5*r + 1. Let p(z) = 2*a(z) + 7*o(z). Let w(h) = -5*h - 1. Let k be w(1). Let d be k*1/(-2) + -8. What is p(d)?
-6
Let z(f) = -f**2 + 36*f + 156. Let m be ((-144)/(-4))/(-3)*30/(-9). Determine z(m).
-4
Let m(f) = f**3 - 5*f**2 + 2*f + 4. Let p = -1 - 0. Let w(o) = -15*o - 7. Let j be w(p). Let y = j - 4. What is m(y)?
-4
Let o(v) = -v + 17. Suppose 0 = -r + 2*q + 10, 5*r - 3*q + 6*q - 63 = 0. Suppose -l - 5*u - 3 = 0, -r = -2*l + 2*u + 18. Determine o(l).
5
Let v(g) = 60*g - 15. Let j(l) = l**3 + 299*l**2 + 7831*l + 30. Let z be j(-29). What is v(z)?
45
Let b(m) = m + 4. Let o be (5964/21)/(1*-1). Let l = o - -284. What is b(l)?
4
Let o(a) be the third derivative of -18*a - a**2 + 0 + 5/24*a**4 - 1/6*a**3. Calculate o(2).
9
Let i(y) = y**3 + 3*y**2 + 4*y + 6. Suppose -5 = 2*d - 4*k - 23, 5*d + 7 = -3*k. Let c be (d*-1 + -11)*(-124)/(-496). What is i(c)?
-6
Let o(k) = -k**2 + 5*k + 198. Let n be o(16). Let q(t) = -t**2 + n*t - 64*t - 15 + 29*t. Calculate q(-12).
-3
Let q(b) = b**3 - b**2 + b - 13. Let h be 16/28 + 221/91. Determine q(h).
8
Let m(n) = -3*n**3 - n**2 - n - 1. Let o be m(-1). Let h(k) = -5*k**o + 0 + 4 + 4*k**2 + k. Suppose -13*u - 41 = -2. What is h(u)?
-8
Suppose -412*d + 419*d + 14 = 0. Let u(j) be the first derivative of -j - 2/3*j**3 + 1 - 1/2*j**2. What is u(d)?
-7
Let h(b) = 8*b**2 + b. Let d(s) = -5*s - 2. Let o = -28 + 25. Let a be d(o). Let n(y) = y - 14. Let v be n(a). Calculate h(v).
7
Let m be 47/(-5) - (-3)/(-5). Let c(o) = o**3 + 10*o**2 - 1. Let h be c(m). Let k = h + -2. Let y(s) = -s**2 - 7*s - 2. Calculate y(k).
10
Suppose -55*f + 3720 = -50*f. Let y = 739 - f. Let u(p) = 3*p + 8. Calculate u(y).
-7
Let s(h) = h**3 - 2*h + 8. Suppose 0 = -4*r + 4*b - 24, -3*r - 3*b = 139 - 157. Determine s(r).
8
Let y(z) be the first derivative of z**4/4 + 4*z**3 + 4*z**2 - 8*z + 901. What is y(-11)?
25
Let c be (-448)/(-84) + -3*6/(-27). Let k be (c - (-280)/(-32))*-4. Let z(d) = d**2 - 12*d + 3. Calculate z(k).
-8
Suppose 28*r - 105 = 13*r. Suppose -4 = -5*n + 6. Let b(y) = 2*y + r*y - y**n - 2*y - 8. What is b(6)?
-2
Suppose 26*j - 33*j + 609 = 0. Let f(s) = -20*s - 254 + 82 + 86 + j. Give f(1).
-19
Let l(d) = 3*d**2 - 18. Let f = -5269 + 5269. Give l(f).
-18
Let h(c) = 27*c - 6 - 3 - 28*c. Let g(n) = 2*n + 16. Let p(o) = -3*g(o) - 7*h(o). Calculate p(-11).
4
Let w(v) be the third derivative of -v**6/120 + v**5/6 - v**4/24 - 3*v**3 + 787*v**2 + 2*v. Calculate w(10).
-28
Let n(w) = w**3 + 2*w**2 - 5*w - 2. Let t be n(-3). Let u be (-6)/t*(3 - 1). Let o(h) = 18164 - 2*h - 36328 + 3*h + 18162 + 0*h. Calculate o(u).
-5
Let i(o) = -7*o**3 - 13*o**2 + 10*o + 12. Let a(s) = -10*s**3 - 16*s**2 + 10*s + 12. Let h(z) = -2*a(z) + 3*i(z). Calculate h(-8).
-4
Let t = 5 + -2. Suppose 8 = 7*n - t*n. Let v(i) = -5*i**2 + i**3 - 9*i + 9*i + n + 0*i + i. Calculate v(5).
7
Let a = 27 - 22. Suppose 18 = -4*c - 3*s + 7, 2*c + 23 = -a*s. Let k(m) = 4*m + 8*m - 23*m + 8*m. Determine k(c).
-3
Suppose 0*l = 2*d + 4*l - 8, 0 = -3*l. Suppose -z - d*b = 4*z + 20, 5*z + 3*b = -15. Let q be (z - 14)/((-8)/4). Let u(r) = r**2 - 9*r. What is u(q)?
-14
Let h(w) = -5*w**2 + 3*w + 18. Let u(d) = 2*d**2 + 3*d - 3. Let m(k) = -h(k) - 2*u(k). Suppose 5*v - 4*o - 61 = -0*v, 4*o = -2*v + 2. Determine m(v).
-12
Let w(i) be the first derivative of -i**3/3 + 16*i**2 - 117*i + 60. Let y(v) be the first derivative of w(v). What is y(14)?
4
Let r(g) be the first derivative of -g**4/4 - 26*g**3/3 + 3*g + 2005. What is r(-26)?
3
Let c(a) = -a**3 + 6*a**2 + 4*a - 20. Let t be 1134/210 + (54/15 - 3). Calculate c(t).
4
Let n(r) = 117*r - 61*r - 16 + 21 - 58*r. Calculate n(-5).
15
Let p(l) be the third derivative of 0 - 3*l**2 - l**3 - 4*l + 1/8*l**4. Suppose 4*r - 49 = -5*f - 13, -2*f + 5*r - 12 = 0. Calculate p(f).
6
Let b(q) = q**3 + 4*q**2 + 2*q - 1. Let k be b(-2). Let a(y) = k*y**2 + 2*y**2 - 1 - y + 0*y. Suppose -15*v + 12*v - j = 7, -5*j = -4*v + 16. Determine a(v).
5
Let q be (-4)/(-6) + (-49)/(-21) + 18. Suppose 2*d - k = -2*k - q, 3*d + 4*k = -44. Let c(r) = -r**2 - 6*r + 9. Give c(d).
-7
Let o(k) be the first derivative of -9*k**3/2 - k**2/2 + 264*k + 35. Let i(v) be the first derivative of o(v). Calculate i(-1).
26
Let x = 53 - 38. Suppose 5*d - 10*d = x. Let h(v) = -v**2 + 3*v. Let j(m) = 3*m**2 - 8*m. Let g(l) = -17*h(l) - 6*j(l). What is g(d)?
0
Let x(s) = s**3 + s**2 - 2*s - 1. Let a(c) = c**2 - c - 2. Let w(b) = -b**3 - 2*b**2 + b + 9. Let f(u) = -3*a(u) - w(u). Let y be f(1). What is x(y)?
1
Let j(u) be the third derivative of -1/6*u**4 + 0 - u + 1/6*u**3 + 6*u**2. Calculate j(-4).
17
Suppose 0 = 4*d + 4, d - 4 = -4*y + 3. Let z(g) = 4 - 5*g + 0*g + 429*g**2 + 5 - 430*g**y. Determine z(-7).
-5
Suppose -j - 11 + 13 = 0. Let v(d) = -j*d**2 + d**2 - 13*d**3 + 3 - 2 + 2*d**3. Suppose 3 = 7*o - 4. Calculate v(o).
-11
Let p(k) = -k**2 + 9*k - 5. Let m = -4309 - -4320. Give p(m).
-27
Let o(k) be the third derivative of -225*k**2 + 0 + 0*k + 1/6*k**3 + 1/24*k**4. Determine o(7).
8
Let w(z) = -17*z + 46. Let q be (-14)/4*((-189)/(-49) - 5) - 1. Calculate w(q).
-5
Let n(r) be the second derivative of r**4/4 - 32*r**3/3 - 43*r**2/2 + 3505*r. What is n(22)?
1
Let a(f) = -f**3 - 45*f**2 + 2*f + 75. Suppose -4*y + 16*y - 120 = -660. Calculate a(y).
-15
Let k(p) = 2*p**3 + 2*p**2 - 5*p - 4. Let n(o) = o**3 + o**2 - 2*o - 2. Let x(s) = 3*k(s) - 7*n(s). Let d = 80 + -79. What is x(d)?
-1
Suppose -2 = -f - 7. Let i(g) be the second derivative of -22*g + 3/2*g**2 - 1/12*g**4 - 2/3*g**3 + 0. Give i(f).
-2
Let n(a) be the first derivative of -3*a**2/2 + 3*a - 5. Suppose -w + 4*u + 10 = -u, u + 170 = 5*w. Let o = 38 - w. Determine n(o).
-6
Let c(y) = -16*y**3 + y**2 + 8*y + 4. Let s(t) = 28*t**3 - 2*t**2 - 13*t - 7. Let p(d) = -5*c(d) - 3*s(d). Give p(1).
-3
Let j(o) be the third derivative of 7*o**4/24 + o**3/3 + 2*o**2 - 799. Give j(-11).
-75
Let q(b) = -b**2 + 2. Let h(r) = 2*r**2 - 4*r + 126. Let g(p) = -h(p) - 6*q(p). Let o(l) be the first derivative of g(l). What is o(3)?
28
Let i be (-2)/(-6) - (-4 + (-136)/(-12)). Let d(f) = 2*f**3 + 14*f**2 + 2*f + 20. Determine d(i).
6
Let o(t) = -t**3 + 5*t**2 + 3*t + 5. Let s be (-1)/(-5)*-19*(6 - 11). Let z = 76 + s. Suppose z = 5*n + 65. What is o(n)?
-13
Let y(k) = -35*k - 436. Let d be y(-13). Let t(c) = -c**2 + 22*c - 16. Give t(d).
41
Let g = 6762 + -6740. Let p(o) = o**3 - 23*o**2 + 24*o - 13. What is p(g)?
31
Let h(u) be the second derivative of u**3/2 + 25*u**2/2 + u. Let j be ((-3)/((-15)/(-55)))/(17*(-5)/(-85)). Determine h(j).
-8
Let y be (4/1)/((-2)/(-5)). Suppose -o + 5*x = -13, -4*o = -x - y - 4. Let s be 2/((-2)/(-3)) - o. Let n(b) = b + 4. What is n(s)?
4
Suppose -24 = n - 3*h, -8 = 50*n - 51*n - h. Let z(d) = 2*d**2 - 2*d - 27. What is z(n)?
-27
Suppose h - 19 + 31 = -n, n = -5*h - 36. Let b(z) be the third derivative of -z**6/120 - 7*z**5/60 - z**4/3 + z**3/2 + 29*z**2. Calculate b(n).
15
Let g(k) = 3*k + 91. Suppose 2*y = -2*a - 60, 41*y - 180 = 5*a + 36*y. What is g(a)?
-8
Let u(t) be the third derivative of -t**6/120 - 7*t**5/60 - t**4/4 + t**3/2 + 3*t**2 + 6. Suppose -4*r - 21 - 3 = 0. Give u(r).
3
Let c(w) = -27*w - 38. Let a(s) = -33*s - 38